 Calculate the remainder when j(-4) is divided by ((-48)/5)/((-37)/5 + 7).
23
What is the remainder when 23000/180 - 4/(-18) is divided by 10?
8
Let q be -7*((-18)/(-2) + (-7)/(-7)). Calculate the remainder when 35 is divided by -4*42/98*q/8.
5
Suppose -o - 9*d = -10*d - 268, 4*o + 3*d - 1107 = 0. Calculate the remainder when o is divided by 55.
53
Let y be 2/(-4) + 27/18 + 2. Calculate the remainder when 69 is divided by (-1 - 2 - 24)/(y/(-2)).
15
Suppose 0 = 2*v + 3*v - 30. Calculate the remainder when 37 is divided by ((-560)/(-42))/(4/v).
17
Suppose -2*v + 17 = 5*u, -32*u + 71 = 5*v - 29*u. What is the remainder when 79 is divided by v?
15
Let s(t) = t**3 - 10*t**2 - 11*t - 5. Let m be s(11). Let v be (16/m)/((-2)/35). Calculate the remainder when 43 is divided by v/5 - (-3)/(-15).
10
Let b = 15 + -2. Suppose -5*a = -3*t + b, -6*t - 6 = -2*t + 5*a. What is the remainder when 31 is divided by -3 - -13 - (1 + t)?
7
Let a(x) = x**3 + 47*x**2 - 51*x - 116. Calculate the remainder when a(-48) is divided by 24.
4
Let u = 1 + 5. Suppose u*h + 65 = 11*h. Calculate the remainder when (-4)/(-10) - 366/(-10) is divided by h.
11
Suppose -2*m + 15 = m. Suppose p = -m, 3*s - 3*p = 1 + 77. Let j(x) = -x**3 - 6*x**2 + 5*x - 8. Calculate the remainder when s is divided by j(-7).
3
Let h(u) = -u**2 + 0*u**2 - 90 - 2*u + 90. Let t be h(-9). Let m = t + 135. What is the remainder when m is divided by 37?
35
Let d(u) = -u**2 + 3. Calculate the remainder when (8/(-14))/((-4)/14)*5 is divided by d(0).
1
Let k be (-2)/(-2) - 2 - (-7)/1. Let q(g) = 6*g - 7. Suppose -4 = -m + 12. What is the remainder when q(k) is divided by m?
13
Let v = -7 + 15. Suppose u - v = 3*u. Calculate the remainder when 55 is divided by u + (1 + -2)*-23.
17
Let w(n) = 2*n - 2. Let t be w(2). Suppose -2*k = -4*f - 58 - 44, -t*k + 126 = 2*f. Calculate the remainder when k is divided by 10.
9
What is the remainder when 116 is divided by ((-2)/(4/(-6)))/((-1254)/(-7942))?
2
Calculate the remainder when 229 is divided by 211 + -212 + 15*4.
52
Suppose -594 = -5*t + 2*q, q = -2*t + 2*q + 238. Suppose 5*s + 5*v - 60 = -0*s, s + 8 = -5*v. What is the remainder when t is divided by s?
16
Let a(j) = j**3 - 3*j**2 - 7*j + 7. What is the remainder when a(6) is divided by -1 + 0 + (-1)/1 + 27?
23
Let j(p) = p**3 + 5*p**2 + p - 5. Calculate the remainder when (378/(35/5) - 3)*1/3 is divided by j(-4).
3
Let h = -166 - -212. Calculate the remainder when h is divided by 14.
4
Suppose 5*h - d - 19 + 4 = 0, h + d = 9. What is the remainder when (-2)/((-1)/(22/4)) is divided by h?
3
Suppose -2*a + a + 3*w = -21, 0 = -3*a - 2*w + 41. Suppose a = 2*n - 71. Suppose 0 = 2*s, 0*s - 4*s + 55 = 5*r. Calculate the remainder when n is divided by r.
10
Let t(s) = -s**2 + 16*s - 2. Let l(z) = z + 1. Suppose 0 = -7*h + 2*h + 50. Let u be l(h). What is the remainder when t(u) is divided by 27?
26
Suppose 2*g = -3 - 13. Let h(o) = -o**3 - 4*o**2 + 2*o - 6. Calculate the remainder when h(-5) is divided by g/6*((-108)/8)/3.
3
Suppose 7 = -5*h + 2, 5*h + 86 = 3*a. What is the remainder when 95 is divided by a?
14
Let n be 2 + 34/(-1 - -3). Let j = n - -2. Calculate the remainder when 61 is divided by j.
19
Let h = 208 + -182. What is the remainder when 96 is divided by h?
18
Let d(v) = -34*v - 4. Let p be d(-8). Suppose -5*u - 28 = -p. What is the remainder when u is divided by 17?
14
Let x(d) = -d**3 + 46*d**2 + 144*d + 153. What is the remainder when 63/4 - 2/(-8) is divided by x(49)?
4
Let x be (-20)/15*3 + 6. Suppose -4*w - 14 = -k, x*k + 2*w - 40 = 4*w. Calculate the remainder when 86 is divided by k.
20
Suppose -2*o + 3 = 5*a - 99, 4*o = 4. What is the remainder when -4*(1 - 39/4) is divided by a?
15
Let x(r) = r**3 + 12*r**2 + 12*r - 9. Let j be x(-11). Calculate the remainder when 14 is divided by 30/j*(-8)/3.
2
Suppose -8 + 80 = -6*z. Let f be (-9)/(-6)*32/z. Let y(s) = -3*s + 4. What is the remainder when 62 is divided by y(f)?
14
Suppose 8*c - 3*c = -4*v + 163, 4*v - 3*c = 139. Let z = v + -19. Let o = 14 - -55. What is the remainder when o is divided by z?
15
Let n = 27 + -35. Calculate the remainder when 119 is divided by (-90)/(-5)*n/(-6).
23
Let o(l) = l**3 + 15*l**2 - 4*l - 1. Let d(r) = -7*r - 1. Let u be d(2). What is the remainder when o(u) is divided by (-4 - -2 - 1)*-5?
14
Suppose 0 = 4*i + 314 - 1218. What is the remainder when i is divided by 37?
4
Suppose -5*r - 300 = -5*s, -2*r - 306 = -s - 4*s. Let o = s - 31. Suppose 0*y + 366 = 3*y. Calculate the remainder when y is divided by o.
29
Suppose 0*p + 33 = 3*p. Suppose p = -4*c + 75. What is the remainder when 93 is divided by c?
13
Let p be (63/(-12))/(12/(-304)). Suppose -14*w + 133 + p = 0. Calculate the remainder when 65 is divided by w.
8
Let n = -91 - -610. Calculate the remainder when n is divided by 26.
25
Suppose -4*w + 4*t + 28 = 0, -5*w = 4*t - 8*t - 38. Suppose -j - j = -w. What is the remainder when 11 is divided by j?
1
Let f = 201 + -177. What is the remainder when f is divided by 8?
0
Let n = -22 - -97. Let w = 82 - n. Calculate the remainder when w is divided by 2.
1
Let q = 126 + -84. What is the remainder when 144 is divided by q?
18
Let j = 101 - 57. Suppose 3*v - 229 = -181. What is the remainder when j is divided by v?
12
Let c = -6 + -4. Let n = c + 20. Suppose -190 = 17*g - 22*g. What is the remainder when g is divided by n?
8
Let u be 2*(2 - 1/2). Suppose 5*b = u*b + 48. Suppose 40 + b = 4*w + 3*r, -4*w + 4*r = -92. What is the remainder when 74 is divided by w?
17
Let n(u) = -29*u**3 + 3*u**2 + u. Let j be n(-2). Suppose 11 - j = -3*o. Calculate the remainder when o is divided by 26.
25
Let u(x) = 2*x**2 + 11*x + 6. Let v(l) = 13*l + 2. What is the remainder when u(-7) is divided by v(1)?
12
Calculate the remainder when 49 is divided by 72/15*(-15)/(-6).
1
Let p(g) = 5*g + 10. Let z be p(-4). Let m be ((-30)/25)/(3/z). Let c(x) = x**3 - 2*x**2 - 6*x + 8. What is the remainder when 79 is divided by c(m)?
15
Suppose 36 = -8*w + 12*w. Let s = 19 - w. What is the remainder when 38 is divided by s?
8
Let s(c) = -c + 10. Let o(h) = -h + 4. Let z be o(0). Suppose 0*i + 2*i - 20 = -2*j, -3*j + 32 = z*i. What is the remainder when s(-5) is divided by j?
7
Let g(l) = 3*l**2 + 89*l + 66. Calculate the remainder when 335 is divided by g(-29).
7
Suppose 0 = h - l - 369, 5*h - 259 - 1613 = -4*l. What is the remainder when h is divided by 113?
33
Let v(n) be the third derivative of n**5/60 - n**4/12 + 7*n**3/6 - n**2. Let x = 911 + -903. What is the remainder when v(x) is divided by 14?
13
Let t(g) be the second derivative of 0 + 11/12*g**4 + g + 1/20*g**5 - g**2 - 1/2*g**3. Calculate the remainder when t(-11) is divided by 8.
7
Let j(s) be the second derivative of s**4/12 - 2*s**3/3 + 5*s**2/2 + 4*s. Calculate the remainder when 1 is divided by j(2).
0
Suppose -k = -2*l + 399, 4*k + 606 = 3*l + k. Calculate the remainder when l is divided by 99.
98
Let p(g) = -7 - 16*g**2 + 15*g**2 + 1 + 9*g. What is the remainder when 21 - -2*3/6 is divided by p(7)?
6
Let q(u) = 3*u**2 + u. Calculate the remainder when 338 is divided by q(-2).
8
Suppose 254 + 14 = 4*l. Let s = l - 33. Suppose -v - 296 = 4*a - 321, -5*a + 4*v + 26 = 0. Calculate the remainder when s is divided by a.
4
Let j(g) = -2*g - 12 + 5*g + g**2 - g - 10*g. Calculate the remainder when j(-5) is divided by 28.
25
Let g = -1029 + 1083. Let f be (-26)/3*1*3. Let m = -7 - f. Calculate the remainder when g is divided by m.
16
Suppose 2*c = 3*u - u + 70, 4*u - 157 = -5*c. What is the remainder when 129 is divided by c?
30
Let r be (2/(-4))/((-3)/12). Suppose g + r - 7 = 0. Suppose -157 = -g*b - 42. Calculate the remainder when b is divided by 13.
10
Suppose 30 = 4*d - 5*i, 23 = 5*d - i - 4. Let w = 5 + d. Calculate the remainder when 39 is divided by w.
9
Suppose -3*d = -4*z + 39, 5*z + 17*d - 13*d - 41 = 0. Calculate the remainder when z is divided by 8.
1
Suppose -5*a = -2*f + 38, 22 = f + 174*a - 178*a. What is the remainder when 206 is divided by f?
10
Let i(m) = m**3 - 22*m**2 + 26*m - 20. Let p be i(21). Suppose -9*a + 4*a = -p. Calculate the remainder when 115 is divided by a.
13
Let l(b) = 2*b**2 - 10*b + 4. Let p = 10 - 5. What is the remainder when 13 is divided by l(p)?
1
Let